e prime factors of 407827?
7, 29, 41
List the prime factors of 226516.
2, 56629
List the prime factors of 4514572.
2, 1128643
What are the prime factors of 314510?
2, 5, 7, 4493
What are the prime factors of 623037?
3, 207679
List the prime factors of 1371875.
5, 439
List the prime factors of 445282.
2, 67, 3323
List the prime factors of 16359073.
229, 71437
List the prime factors of 10913975.
5, 211, 2069
What are the prime factors of 610096?
2, 17, 2243
What are the prime factors of 1383763?
37, 149, 251
List the prime factors of 10466.
2, 5233
What are the prime factors of 518466?
2, 3, 13, 17, 23
What are the prime factors of 188656?
2, 13, 907
List the prime factors of 6284634.
2, 3, 53, 19763
List the prime factors of 221033.
67, 3299
What are the prime factors of 208284?
2, 3, 17, 1021
What are the prime factors of 12839171?
281, 45691
List the prime factors of 2051229.
3, 43, 15901
List the prime factors of 495518.
2, 247759
List the prime factors of 44812.
2, 17, 659
What are the prime factors of 121329?
3, 13, 17, 61
List the prime factors of 6896099.
7, 461, 2137
What are the prime factors of 909092?
2, 17, 29, 461
What are the prime factors of 6115733?
13, 17, 27673
What are the prime factors of 364470?
2, 3, 5, 12149
What are the prime factors of 371946?
2, 3, 61991
What are the prime factors of 7230818?
2, 7, 61, 8467
What are the prime factors of 5897469?
3, 29, 53, 1279
What are the prime factors of 2012851?
17, 167, 709
What are the prime factors of 508409?
11, 46219
List the prime factors of 7904455.
5, 13, 121607
List the prime factors of 10762883.
10762883
List the prime factors of 4700096.
2, 23, 31, 103
List the prime factors of 74404.
2, 11, 19, 89
List the prime factors of 3891489.
3, 7, 185309
What are the prime factors of 4543527?
3, 19, 79, 1009
What are the prime factors of 2772966?
2, 3, 7, 103, 641
List the prime factors of 15906530.
2, 5, 1590653
What are the prime factors of 550971?
3, 29, 2111
What are the prime factors of 17570057?
47, 541, 691
List the prime factors of 35039053.
7, 1187, 4217
What are the prime factors of 955599?
3, 37, 8609
What are the prime factors of 180687?
3, 13, 41, 113
What are the prime factors of 3959321?
107, 37003
What are the prime factors of 1709694?
2, 3, 7, 4523
List the prime factors of 389496.
2, 3, 16229
What are the prime factors of 646866?
2, 3, 11
What are the prime factors of 148552?
2, 31, 599
What are the prime factors of 60958?
2, 29, 1051
List the prime factors of 2912700.
2, 3, 5, 7, 19, 73
List the prime factors of 367653.
3, 11, 13, 857
List the prime factors of 835669.
17, 49157
List the prime factors of 1548004.
2, 173, 2237
What are the prime factors of 2405392?
2, 11, 79, 173
What are the prime factors of 20701946?
2, 227, 45599
What are the prime factors of 466693?
23, 103, 197
List the prime factors of 44912892.
2, 3, 3742741
List the prime factors of 1013022.
2, 3, 167, 337
List the prime factors of 112542.
2, 3, 18757
List the prime factors of 5348153.
5348153
List the prime factors of 68237.
13, 29, 181
What are the prime factors of 146105?
5, 29221
What are the prime factors of 264036?
2, 3, 22003
List the prime factors of 792670.
2, 5, 31, 2557
What are the prime factors of 1792381?
1792381
What are the prime factors of 3264322?
2, 331, 4931
What are the prime factors of 1384738?
2, 23, 30103
What are the prime factors of 4650560?
2, 5, 14533
List the prime factors of 5307105.
3, 5, 353807
What are the prime factors of 23113?
29, 797
What are the prime factors of 970028?
2, 197, 1231
List the prime factors of 1375029.
3, 127, 401
List the prime factors of 15501704.
2, 1937713
What are the prime factors of 9499503?
3, 13, 243577
List the prime factors of 15962256.
2, 3, 110849
What are the prime factors of 146602?
2, 23, 3187
What are the prime factors of 386826?
2, 3, 11, 5861
List the prime factors of 385683.
3, 59, 2179
List the prime factors of 5223792.
2, 3, 7, 2221
What are the prime factors of 4900?
2, 5, 7
What are the prime factors of 49143?
3, 16381
List the prime factors of 1290358.
2, 645179
List the prime factors of 2434635.
3, 5, 7, 59, 131
List the prime factors of 118260.
2, 3, 5, 73
What are the prime factors of 6555484?
2, 13, 126067
List the prime factors of 456257.
29, 15733
List the prime factors of 5863544.
2, 732943
What are the prime factors of 251371?
41, 6131
What are the prime factors of 293185?
5, 191, 307
What are the prime factors of 251218?
2, 11, 19, 601
What are the prime factors of 3624657?
3, 1208219
What are the prime factors of 2041158?
2, 3, 7, 23, 2113
List the prime factors of 788496.
2, 3, 16427
List the prime factors of 819842.
2, 17, 24113
List the prime factors of 2149878.
2, 3, 358313
List the prime factors of 985913.
29, 33997
What are the prime factors of 152481?
3, 7, 53, 137
What are the prime factors of 234628?
2, 58657
What are the prime factors of 1306604?
2, 13, 25127
List the prime factors of 171384.
2, 3, 37, 193
What are the prime factors of 726264?
2, 3, 7, 11, 131
What are the prime factors of 297165?
3, 5, 11, 1801
List the prime factors of 31702.
2, 11, 131
List the prime factors of 665980.
2, 5, 7, 67, 71
What are the prime factors of 519480?
2, 3, 5, 13, 37
What are the prime factors of 759397?
759397
What are the prime factors of 8897561?
109, 81629
List the prime factors of 9682218.
2, 3, 7, 13, 23, 257
List the prime factors of 1531463.
59, 101, 257
List the prime factors of 508575.
3, 5, 6781
What are the prime factors of 10042007?
23, 41, 463
What are the prime factors of 61151?
61151
List the prime factors of 1527631.
7, 218233
What are the prime factors of 35885976?
2, 3, 7, 227, 941
What are the prime factors of 2276146?
2, 647, 1759
List the prime factors of 57488.
2, 3593
What are the prime factors of 369776?
2, 11, 191
List the prime factors of 2727006.
2, 3, 454501
List the prime factors of 29701.
7, 4243
List the prime factors of 328734.
2, 3, 7, 2609
List the prime factors of 5259632.
2, 7, 151, 311
List the prime factors of 2880299.
2880299
List the prime factors of 383144.
2, 47, 1019
List the prime factors of 164511.
3, 677
What are the prime factors of 182577?
3, 60859
List the prime factors of 212576.
2, 7, 13, 73
What are the prime factors of 417315?
3, 5, 43, 647
What are the prime factors of 2183574?
2, 3, 23, 15823
What are the prime factors of 5786260?
2, 5, 19, 15227
List the prime factors of 1062305.
5, 212461
List the prime factors of 12951284.
2, 29, 311, 359
What are the prime factors of 4765254?
2, 3, 13, 199, 307
List the prime factors of 17860.
2, 5, 19, 47
What are the prime factors of 245956?
2, 17, 3617
What are the prime factors of 2200714?
2, 1100357
List the prime factors of 1649389.
7, 41, 821
What are the prime factors of 31913911?
31, 1029481
What are the prime factors of 754183?
754183
List the prime factors of 3464476.
2, 866119
What are the prime factors of 1661670?
2, 3, 5, 37, 499
What are the prime factors of 25134077?
25134077
List the prime factors of 367432.
2, 13, 3533
What are the prime factors of 661036?
2, 59, 2801
What are the prime factors of 3050125?
5, 13, 1877
What are the prime factors of 703305?
3, 5, 15629
What are the prime factors of 747089?
7, 106727
List the prime factors of 2321871.
3, 41, 43, 439
List the prime factors of 511993.
19, 26947
List the prime factors of 209084.
2, 167, 313
List the prime factors of 478.
2, 239
What are the prime factors of 13450150?
2, 5, 7, 83, 463
List the prime factors of 2209696.
2, 199, 347
What are the prime factors of 21444281?
31, 601, 1151
What are the prime factors of 227942?
2, 11, 13, 797
What are the prime factors of 293200?
2, 5, 733
List the prime factors of 19589.
19, 1031
List the prime factors of 364778.
2, 182389
What are the prime factors of 8157?
3, 2719
List the prime factors of 4587880.
2, 5, 11, 10427
What are the prime factors of 603574?
2, 47, 6421
What are the prime factors of 649554?
2, 3, 73, 1483
List the prime factors of 12528087.
3, 11, 13, 19, 29, 53
What are the prime factors of 3979422?
2, 3, 73693
List the prime factors of 78337.
7, 19, 31
What are the prime factors of 363133?
61, 5953
What are the prime factors of 109136?
2, 19, 359
What are the prime fact